is divided by 370.
364
Calculate the remainder when 3771802 is divided by 71166.
4
What is the remainder when 212609491 is divided by 41?
14
Calculate the remainder when 196820 is divided by 19426.
2560
What is the remainder when 777020730 is divided by 428?
426
Calculate the remainder when 2103649 is divided by 701191.
76
What is the remainder when 105129015 is divided by 503?
3
Calculate the remainder when 1186396 is divided by 591861.
2674
Calculate the remainder when 19249781 is divided by 302.
301
Calculate the remainder when 1077829 is divided by 3337.
3315
What is the remainder when 63382742 is divided by 27?
26
Calculate the remainder when 12565119 is divided by 889.
882
Calculate the remainder when 23113900 is divided by 5778473.
8
Calculate the remainder when 828287 is divided by 2809.
2441
Calculate the remainder when 3111215 is divided by 599.
9
Calculate the remainder when 11912038 is divided by 3613.
3590
Calculate the remainder when 841686 is divided by 3708.
3678
What is the remainder when 353168 is divided by 268?
212
What is the remainder when 411151 is divided by 263?
82
What is the remainder when 86613 is divided by 456?
429
What is the remainder when 11704991 is divided by 4?
3
Calculate the remainder when 166992 is divided by 2847.
1866
Calculate the remainder when 7843 is divided by 1304.
19
What is the remainder when 141701 is divided by 48?
5
What is the remainder when 615904 is divided by 307599?
706
Calculate the remainder when 562214 is divided by 2477.
2412
What is the remainder when 16235013 is divided by 582?
123
Calculate the remainder when 57212 is divided by 3006.
98
Calculate the remainder when 9934707 is divided by 112.
83
Calculate the remainder when 468646 is divided by 29286.
70
What is the remainder when 1937250 is divided by 919?
917
What is the remainder when 46218822 is divided by 47066?
10
What is the remainder when 302124 is divided by 150922?
280
What is the remainder when 1249808 is divided by 83?
77
Calculate the remainder when 49422 is divided by 48935.
487
What is the remainder when 1297640 is divided by 280?
120
What is the remainder when 1002575 is divided by 18?
11
What is the remainder when 16152 is divided by 6558?
3036
What is the remainder when 241094 is divided by 203?
133
What is the remainder when 95566409 is divided by 31?
12
Calculate the remainder when 172582 is divided by 41627.
6074
Calculate the remainder when 3239869 is divided by 45.
4
What is the remainder when 246449 is divided by 75?
74
What is the remainder when 11788299 is divided by 421009?
47
What is the remainder when 59695 is divided by 19714?
553
Calculate the remainder when 13417103 is divided by 13417083.
20
Calculate the remainder when 32033 is divided by 208.
1
Calculate the remainder when 3933663 is divided by 3933591.
72
What is the remainder when 570762 is divided by 17294?
60
Calculate the remainder when 878247 is divided by 3596.
823
What is the remainder when 456460 is divided by 3652?
3612
Calculate the remainder when 34569550 is divided by 1104.
1102
Calculate the remainder when 55291514 is divided by 5657.
5653
Calculate the remainder when 43912994 is divided by 124048.
2
Calculate the remainder when 31808 is divided by 3302.
2090
Calculate the remainder when 40993 is divided by 5764.
645
Calculate the remainder when 1912551 is divided by 1059.
1056
What is the remainder when 65023 is divided by 10808?
175
Calculate the remainder when 218148 is divided by 1628.
1624
Calculate the remainder when 1420859 is divided by 37390.
39
What is the remainder when 360266 is divided by 2946?
854
Calculate the remainder when 19698643 is divided by 1641546.
91
Calculate the remainder when 10485564 is divided by 3495186.
6
What is the remainder when 27320761 is divided by 14816?
57
Calculate the remainder when 185631 is divided by 6628.
47
What is the remainder when 759870 is divided by 95?
60
Calculate the remainder when 15521384 is divided by 627.
626
What is the remainder when 728149 is divided by 33?
4
Calculate the remainder when 62642 is divided by 15592.
274
What is the remainder when 2720452 is divided by 501?
22
Calculate the remainder when 48984941 is divided by 922.
3
What is the remainder when 2989665 is divided by 961?
955
What is the remainder when 86058 is divided by 678?
630
Calculate the remainder when 2323841 is divided by 181.
163
Calculate the remainder when 18624592 is divided by 540.
532
What is the remainder when 4663306 is divided by 2161?
2029
Calculate the remainder when 133524039 is divided by 59.
18
Calculate the remainder when 14636845 is divided by 40.
5
What is the remainder when 8293393 is divided by 55?
53
What is the remainder when 85225 is divided by 262?
75
What is the remainder when 22658 is divided by 21015?
1643
What is the remainder when 9143210 is divided by 1406?
1398
What is the remainder when 1376478 is divided by 458816?
30
What is the remainder when 949922 is divided by 79157?
38
What is the remainder when 31674 is divided by 433?
65
Calculate the remainder when 18028 is divided by 733.
436
Calculate the remainder when 1238729 is divided by 47476.
4353
Calculate the remainder when 14644012 is divided by 11.
9
Calculate the remainder when 116688517 is divided by 35.
22
What is the remainder when 1912557 is divided by 65?
62
What is the remainder when 28022 is divided by 28000?
22
What is the remainder when 3429388 is divided by 79?
77
What is the remainder when 602710 is divided by 138?
64
What is the remainder when 1929053 is divided by 964521?
11
Calculate the remainder when 435236 is divided by 1102.
1048
Calculate the remainder when 175206 is divided by 28852.
2094
What is the remainder when 1506625 is divided by 1178?
1141
What is the remainder when 60461189 is divided by 817043?
7
Calculate the remainder when 1283460 is divided by 80216.
4
Calculate the remainder when 377801 is divided by 1938.
1829
Calculate the remainder when 3449508 is divided by 167.
123
Calculate the remainder when 109092 is divided by 18158.
144
Calculate the remainder when 749148 is divided by 1165.
53
Calculate the remainder when 67405148 is divided by 123.
41
Calculate the remainder when 30441 is divided by 314.
297
What is the remainder when 5884789 is divided by 2092?
2085
What is the remainder when 308951576 is divided by 7564?
7560
What is the remainder when 28603693 is divided by 24?
13
What is the remainder when 4957736 is divided by 1239430?
16
What is the remainder when 2122818 is divided by 1145?
1133
What is the remainder when 98978 is divided by 98926?
52
Calculate the remainder when 3209526 is divided by 704.
694
Calculate the remainder when 26699 is divided by 2878.
797
Calculate the remainder when 519819 is divided by 778.
115
Calculate the remainder when 15619388 is divided by 109.
15
Calculate the remainder when 2193554 is divided by 5.
4
Calculate the remainder when 349599 is divided by 12050.
149
Calculate the remainder when 79580 is divided by 62.
34
Calculate the remainder when 456202 is divided by 9494.
490
What is the remainder when 258564 is divided by 645?
564
What is the remainder when 112168 is divided by 390?
238
Calculate the remainder when 3921317 is divided by 7570.
57
Calculate the remainder when 49081998 is divided by 377.
368
Calculate the remainder when 40675093 is divided by 593.
37
What is the remainder when 64892 is divided by 4634?
16
Calculate the remainder when 142130 is divided by 10869.
833
What is the remainder when 2798482 is divided by 430?
42
What is the remainder when 6756382 is divided by 59?
56
What is the remainder when 75574 is divided by 1864?
1014
Calculate the remainder when 45313257 is divided by 76.
5
What is the remainder when 8369535 is divided by 36389?
65
Calculate the remainder when 17962 is divided by 8779.
404
Calculate the remainder when 1270585 is divided by 100.
85
What is the remainder when 4136054 is divided by 21102?
62
Calculate the remainder when 1415529 is divided by 283102.
19
Calculate the remainder when 14712 is divided by 7200.
312
What is the remainder when 1445532 is divided by 722752?
28
What is the remainder when 122546702 is divided by 37396?
10
What is the remainder when 32843 is divided by 6521?
238
Calculat